[INFO] cloning repository https://github.com/dos65/osm_replacer
[INFO] running `Command { std: "git" "-c" "credential.helper=" "-c" "credential.helper=/workspace/cargo-home/bin/git-credential-null" "clone" "--bare" "https://github.com/dos65/osm_replacer" "/workspace/cache/git-repos/https%3A%2F%2Fgithub.com%2Fdos65%2Fosm_replacer", kill_on_drop: false }`
[INFO] [stderr] Cloning into bare repository '/workspace/cache/git-repos/https%3A%2F%2Fgithub.com%2Fdos65%2Fosm_replacer'...
[INFO] running `Command { std: "git" "rev-parse" "HEAD", kill_on_drop: false }`
[INFO] [stdout] 5a0d84c22cd431918a69064516db8b8681e90176
[INFO] checking dos65/osm_replacer against master#af3c6e733a40e671550e0f0f5aeecaa13772ba56 for pr-74989
[INFO] running `Command { std: "git" "clone" "/workspace/cache/git-repos/https%3A%2F%2Fgithub.com%2Fdos65%2Fosm_replacer" "/workspace/builds/worker-6/source", kill_on_drop: false }`
[INFO] [stderr] Cloning into '/workspace/builds/worker-6/source'...
[INFO] [stderr] done.
[INFO] validating manifest of git repo https://github.com/dos65/osm_replacer on toolchain af3c6e733a40e671550e0f0f5aeecaa13772ba56
[INFO] running `Command { std: "/workspace/cargo-home/bin/cargo" "+af3c6e733a40e671550e0f0f5aeecaa13772ba56" "read-manifest" "--manifest-path" "Cargo.toml", kill_on_drop: false }`
[INFO] started tweaking git repo https://github.com/dos65/osm_replacer
[INFO] finished tweaking git repo https://github.com/dos65/osm_replacer
[INFO] tweaked toml for git repo https://github.com/dos65/osm_replacer written to /workspace/builds/worker-6/source/Cargo.toml
[INFO] crate git repo https://github.com/dos65/osm_replacer already has a lockfile, it will not be regenerated
[INFO] running `Command { std: "/workspace/cargo-home/bin/cargo" "+af3c6e733a40e671550e0f0f5aeecaa13772ba56" "fetch" "--locked" "--manifest-path" "Cargo.toml", kill_on_drop: false }`
[INFO] [stderr]     Blocking waiting for file lock on package cache
[INFO] [stderr] error: the lock file /workspace/builds/worker-6/source/Cargo.lock needs to be updated but --locked was passed to prevent this
[INFO] [stderr] If you want to try to generate the lock file without accessing the network, use the --offline flag.
[INFO] the lockfile is outdated, regenerating it
[INFO] running `Command { std: "/workspace/cargo-home/bin/cargo" "+af3c6e733a40e671550e0f0f5aeecaa13772ba56" "generate-lockfile" "--manifest-path" "Cargo.toml" "-Zno-index-update", kill_on_drop: false }`
[INFO] running `Command { std: "/workspace/cargo-home/bin/cargo" "+af3c6e733a40e671550e0f0f5aeecaa13772ba56" "fetch" "--locked" "--manifest-path" "Cargo.toml", kill_on_drop: false }`
[INFO] running `Command { std: "docker" "create" "-v" "/var/lib/crater-agent-workspace/builds/worker-6/target:/opt/rustwide/target:rw,Z" "-v" "/var/lib/crater-agent-workspace/builds/worker-6/source:/opt/rustwide/workdir:ro,Z" "-v" "/var/lib/crater-agent-workspace/cargo-home:/opt/rustwide/cargo-home:ro,Z" "-v" "/var/lib/crater-agent-workspace/rustup-home:/opt/rustwide/rustup-home:ro,Z" "-e" "SOURCE_DIR=/opt/rustwide/workdir" "-e" "CARGO_TARGET_DIR=/opt/rustwide/target" "-e" "CARGO_HOME=/opt/rustwide/cargo-home" "-e" "RUSTUP_HOME=/opt/rustwide/rustup-home" "-w" "/opt/rustwide/workdir" "-m" "1610612736" "--user" "0:0" "--network" "none" "rustops/crates-build-env@sha256:d92eaeed33fa75130ca1ee6c8a01d1ffb62bac859dfdfb3450e3e5d1c0146529" "/opt/rustwide/cargo-home/bin/cargo" "+af3c6e733a40e671550e0f0f5aeecaa13772ba56" "metadata" "--no-deps" "--format-version=1", kill_on_drop: false }`
[INFO] [stderr] WARNING: Your kernel does not support swap limit capabilities or the cgroup is not mounted. Memory limited without swap.
[INFO] [stdout] 448a632780d80ebcbb53d754ba9d2463226acdda9d6c046ef515dfcaa81bd603
[INFO] running `Command { std: "docker" "start" "-a" "448a632780d80ebcbb53d754ba9d2463226acdda9d6c046ef515dfcaa81bd603", kill_on_drop: false }`
[INFO] running `Command { std: "docker" "inspect" "448a632780d80ebcbb53d754ba9d2463226acdda9d6c046ef515dfcaa81bd603", kill_on_drop: false }`
[INFO] running `Command { std: "docker" "rm" "-f" "448a632780d80ebcbb53d754ba9d2463226acdda9d6c046ef515dfcaa81bd603", kill_on_drop: false }`
[INFO] [stdout] 448a632780d80ebcbb53d754ba9d2463226acdda9d6c046ef515dfcaa81bd603
[INFO] running `Command { std: "docker" "create" "-v" "/var/lib/crater-agent-workspace/builds/worker-6/target:/opt/rustwide/target:rw,Z" "-v" "/var/lib/crater-agent-workspace/builds/worker-6/source:/opt/rustwide/workdir:ro,Z" "-v" "/var/lib/crater-agent-workspace/cargo-home:/opt/rustwide/cargo-home:ro,Z" "-v" "/var/lib/crater-agent-workspace/rustup-home:/opt/rustwide/rustup-home:ro,Z" "-e" "SOURCE_DIR=/opt/rustwide/workdir" "-e" "CARGO_TARGET_DIR=/opt/rustwide/target" "-e" "CARGO_INCREMENTAL=0" "-e" "RUST_BACKTRACE=full" "-e" "RUSTFLAGS=--cap-lints=forbid" "-e" "CARGO_HOME=/opt/rustwide/cargo-home" "-e" "RUSTUP_HOME=/opt/rustwide/rustup-home" "-w" "/opt/rustwide/workdir" "-m" "1610612736" "--user" "0:0" "--network" "none" "rustops/crates-build-env@sha256:d92eaeed33fa75130ca1ee6c8a01d1ffb62bac859dfdfb3450e3e5d1c0146529" "/opt/rustwide/cargo-home/bin/cargo" "+af3c6e733a40e671550e0f0f5aeecaa13772ba56" "check" "--frozen" "--all" "--all-targets" "--message-format=json", kill_on_drop: false }`
[INFO] [stdout] 5ca4041301e713f979a5fe5a53c134c182e8dfd44d743f8a55fed875c384e0d8
[INFO] [stderr] WARNING: Your kernel does not support swap limit capabilities or the cgroup is not mounted. Memory limited without swap.
[INFO] running `Command { std: "docker" "start" "-a" "5ca4041301e713f979a5fe5a53c134c182e8dfd44d743f8a55fed875c384e0d8", kill_on_drop: false }`
[INFO] [stderr]    Compiling protobuf v2.17.0
[INFO] [stderr]     Checking osm_pbf v0.1.0 (/opt/rustwide/workdir)
[INFO] [stdout] error[E0433]: failed to resolve: could not find `MessageStatic` in `protobuf`
[INFO] [stdout]    --> src/fileformat.rs:333:21
[INFO] [stdout]     |
[INFO] [stdout] 333 |         ::protobuf::MessageStatic::descriptor_static(None::<Self>)
[INFO] [stdout]     |                     ^^^^^^^^^^^^^ could not find `MessageStatic` in `protobuf`
[INFO] [stdout] 
[INFO] [stdout] 
[INFO] [stdout] error[E0433]: failed to resolve: could not find `MessageStatic` in `protobuf`
[INFO] [stdout]    --> src/fileformat.rs:589:21
[INFO] [stdout]     |
[INFO] [stdout] 589 |         ::protobuf::MessageStatic::descriptor_static(None::<Self>)
[INFO] [stdout]     |                     ^^^^^^^^^^^^^ could not find `MessageStatic` in `protobuf`
[INFO] [stdout] 
[INFO] [stdout] 
[INFO] [stdout] error[E0433]: failed to resolve: could not find `MessageStatic` in `protobuf`
[INFO] [stdout]    --> src/fileformat.rs:333:21
[INFO] [stdout]     |
[INFO] [stdout] 333 |         ::protobuf::MessageStatic::descriptor_static(None::<Self>)
[INFO] [stdout]     |                     ^^^^^^^^^^^^^ could not find `MessageStatic` in `protobuf`
[INFO] [stdout] 
[INFO] [stdout] 
[INFO] [stdout] error[E0405]: cannot find trait `MessageStatic` in crate `protobuf`
[INFO] [stdout]    --> src/fileformat.rs:337:18
[INFO] [stdout]     |
[INFO] [stdout] 337 | impl ::protobuf::MessageStatic for Blob {
[INFO] [stdout]     |                  ^^^^^^^^^^^^^ not found in `protobuf`
[INFO] [stdout] 
[INFO] [stdout] 
[INFO] [stdout] error[E0433]: failed to resolve: could not find `MessageStatic` in `protobuf`
[INFO] [stdout]    --> src/fileformat.rs:589:21
[INFO] [stdout]     |
[INFO] [stdout] 589 |         ::protobuf::MessageStatic::descriptor_static(None::<Self>)
[INFO] [stdout]     |                     ^^^^^^^^^^^^^ could not find `MessageStatic` in `protobuf`
[INFO] [stdout] 
[INFO] [stdout] 
[INFO] [stdout] error[E0405]: cannot find trait `MessageStatic` in crate `protobuf`
[INFO] [stdout]    --> src/fileformat.rs:337:18
[INFO] [stdout]     |
[INFO] [stdout] 337 | impl ::protobuf::MessageStatic for Blob {
[INFO] [stdout]     |                  ^^^^^^^^^^^^^ not found in `protobuf`
[INFO] [stdout] 
[INFO] [stdout] 
[INFO] [stdout] error[E0405]: cannot find trait `MessageStatic` in crate `protobuf`
[INFO] [stdout]    --> src/fileformat.rs:593:18
[INFO] [stdout]     |
[INFO] [stdout] 593 | impl ::protobuf::MessageStatic for BlobHeader {
[INFO] [stdout]     |                  ^^^^^^^^^^^^^ not found in `protobuf`
[INFO] [stdout] 
[INFO] [stdout] 
[INFO] [stdout] error[E0405]: cannot find trait `MessageStatic` in crate `protobuf`
[INFO] [stdout]    --> src/fileformat.rs:593:18
[INFO] [stdout]     |
[INFO] [stdout] 593 | impl ::protobuf::MessageStatic for BlobHeader {
[INFO] [stdout]     |                  ^^^^^^^^^^^^^ not found in `protobuf`
[INFO] [stdout] 
[INFO] [stdout] 
[INFO] [stdout] warning: use of deprecated macro `try`: use the `?` operator instead
[INFO] [stdout]    --> src/fileformat.rs:221:16
[INFO] [stdout]     |
[INFO] [stdout] 221 |         while !try!(is.eof()) {
[INFO] [stdout]     |                ^^^
[INFO] [stdout]     |
[INFO] [stdout]     = note: `#[warn(deprecated)]` on by default
[INFO] [stdout] 
[INFO] [stdout] 
[INFO] [stdout] warning: use of deprecated macro `try`: use the `?` operator instead
[INFO] [stdout]    --> src/fileformat.rs:222:45
[INFO] [stdout]     |
[INFO] [stdout] 222 |             let (field_number, wire_type) = try!(is.read_tag_unpack());
[INFO] [stdout]     |                                             ^^^
[INFO] [stdout] 
[INFO] [stdout] 
[INFO] [stdout] warning: use of deprecated macro `try`: use the `?` operator instead
[INFO] [stdout]    --> src/fileformat.rs:229:21
[INFO] [stdout]     |
[INFO] [stdout] 229 |                     try!(is.read_bytes_into(tmp))
[INFO] [stdout]     |                     ^^^
[INFO] [stdout] 
[INFO] [stdout] 
[INFO] [stdout] warning: use of deprecated macro `try`: use the `?` operator instead
[INFO] [stdout]    --> src/fileformat.rs:235:31
[INFO] [stdout]     |
[INFO] [stdout] 235 |                     let tmp = try!(is.read_int32());
[INFO] [stdout]     |                               ^^^
[INFO] [stdout] 
[INFO] [stdout] 
[INFO] [stdout] warning: use of deprecated macro `try`: use the `?` operator instead
[INFO] [stdout]    --> src/fileformat.rs:243:21
[INFO] [stdout]     |
[INFO] [stdout] 243 |                     try!(is.read_bytes_into(tmp))
[INFO] [stdout]     |                     ^^^
[INFO] [stdout] 
[INFO] [stdout] 
[INFO] [stdout] warning: use of deprecated macro `try`: use the `?` operator instead
[INFO] [stdout]    --> src/fileformat.rs:250:21
[INFO] [stdout]     |
[INFO] [stdout] 250 |                     try!(is.read_bytes_into(tmp))
[INFO] [stdout]     |                     ^^^
[INFO] [stdout] 
[INFO] [stdout] 
[INFO] [stdout] warning: use of deprecated macro `try`: use the `?` operator instead
[INFO] [stdout]    --> src/fileformat.rs:257:21
[INFO] [stdout]     |
[INFO] [stdout] 257 |                     try!(is.read_bytes_into(tmp))
[INFO] [stdout]     |                     ^^^
[INFO] [stdout] 
[INFO] [stdout] 
[INFO] [stdout] warning: use of deprecated macro `try`: use the `?` operator instead
[INFO] [stdout]    --> src/fileformat.rs:260:35
[INFO] [stdout]     |
[INFO] [stdout] 260 |                     let unknown = try!(is.read_unknown(wire_type));
[INFO] [stdout]     |                                   ^^^
[INFO] [stdout] 
[INFO] [stdout] 
[INFO] [stdout] warning: use of deprecated macro `try`: use the `?` operator instead
[INFO] [stdout]    --> src/fileformat.rs:294:13
[INFO] [stdout]     |
[INFO] [stdout] 294 |             try!(os.write_bytes(1, &v));
[INFO] [stdout]     |             ^^^
[INFO] [stdout] 
[INFO] [stdout] 
[INFO] [stdout] warning: use of deprecated macro `try`: use the `?` operator instead
[INFO] [stdout]    --> src/fileformat.rs:297:13
[INFO] [stdout]     |
[INFO] [stdout] 297 |             try!(os.write_int32(2, v));
[INFO] [stdout]     |             ^^^
[INFO] [stdout] 
[INFO] [stdout] 
[INFO] [stdout] warning: use of deprecated macro `try`: use the `?` operator instead
[INFO] [stdout]    --> src/fileformat.rs:300:13
[INFO] [stdout]     |
[INFO] [stdout] 300 |             try!(os.write_bytes(3, &v));
[INFO] [stdout]     |             ^^^
[INFO] [stdout] 
[INFO] [stdout] 
[INFO] [stdout] warning: use of deprecated macro `try`: use the `?` operator instead
[INFO] [stdout]    --> src/fileformat.rs:303:13
[INFO] [stdout]     |
[INFO] [stdout] 303 |             try!(os.write_bytes(4, &v));
[INFO] [stdout]     |             ^^^
[INFO] [stdout] 
[INFO] [stdout] 
[INFO] [stdout] warning: use of deprecated macro `try`: use the `?` operator instead
[INFO] [stdout]    --> src/fileformat.rs:306:13
[INFO] [stdout]     |
[INFO] [stdout] 306 |             try!(os.write_bytes(5, &v));
[INFO] [stdout]     |             ^^^
[INFO] [stdout] 
[INFO] [stdout] 
[INFO] [stdout] warning: use of deprecated macro `try`: use the `?` operator instead
[INFO] [stdout]    --> src/fileformat.rs:308:9
[INFO] [stdout]     |
[INFO] [stdout] 308 |         try!(os.write_unknown_fields(self.get_unknown_fields()));
[INFO] [stdout]     |         ^^^
[INFO] [stdout] 
[INFO] [stdout] 
[INFO] [stdout] warning: use of deprecated macro `try`: use the `?` operator instead
[INFO] [stdout]    --> src/fileformat.rs:503:16
[INFO] [stdout]     |
[INFO] [stdout] 503 |         while !try!(is.eof()) {
[INFO] [stdout]     |                ^^^
[INFO] [stdout] 
[INFO] [stdout] 
[INFO] [stdout] warning: use of deprecated macro `try`: use the `?` operator instead
[INFO] [stdout]    --> src/fileformat.rs:504:45
[INFO] [stdout]     |
[INFO] [stdout] 504 |             let (field_number, wire_type) = try!(is.read_tag_unpack());
[INFO] [stdout]     |                                             ^^^
[INFO] [stdout] 
[INFO] [stdout] 
[INFO] [stdout] warning: use of deprecated macro `try`: use the `?` operator instead
[INFO] [stdout]    --> src/fileformat.rs:511:21
[INFO] [stdout]     |
[INFO] [stdout] 511 |                     try!(is.read_string_into(tmp))
[INFO] [stdout]     |                     ^^^
[INFO] [stdout] 
[INFO] [stdout] 
[INFO] [stdout] warning: use of deprecated macro `try`: use the `?` operator instead
[INFO] [stdout]    --> src/fileformat.rs:518:21
[INFO] [stdout]     |
[INFO] [stdout] 518 |                     try!(is.read_bytes_into(tmp))
[INFO] [stdout]     |                     ^^^
[INFO] [stdout] 
[INFO] [stdout] 
[INFO] [stdout] warning: use of deprecated macro `try`: use the `?` operator instead
[INFO] [stdout]    --> src/fileformat.rs:524:31
[INFO] [stdout]     |
[INFO] [stdout] 524 |                     let tmp = try!(is.read_int32());
[INFO] [stdout]     |                               ^^^
[INFO] [stdout] 
[INFO] [stdout] 
[INFO] [stdout] warning: use of deprecated macro `try`: use the `?` operator instead
[INFO] [stdout]    --> src/fileformat.rs:528:35
[INFO] [stdout]     |
[INFO] [stdout] 528 |                     let unknown = try!(is.read_unknown(wire_type));
[INFO] [stdout]     |                                   ^^^
[INFO] [stdout] 
[INFO] [stdout] 
[INFO] [stdout] warning: use of deprecated macro `try`: use the `?` operator instead
[INFO] [stdout]    --> src/fileformat.rs:556:13
[INFO] [stdout]     |
[INFO] [stdout] 556 |             try!(os.write_string(1, &v));
[INFO] [stdout]     |             ^^^
[INFO] [stdout] 
[INFO] [stdout] 
[INFO] [stdout] warning: use of deprecated macro `try`: use the `?` operator instead
[INFO] [stdout]    --> src/fileformat.rs:559:13
[INFO] [stdout]     |
[INFO] [stdout] 559 |             try!(os.write_bytes(2, &v));
[INFO] [stdout]     |             ^^^
[INFO] [stdout] 
[INFO] [stdout] 
[INFO] [stdout] warning: use of deprecated macro `try`: use the `?` operator instead
[INFO] [stdout]    --> src/fileformat.rs:562:13
[INFO] [stdout]     |
[INFO] [stdout] 562 |             try!(os.write_int32(3, v));
[INFO] [stdout]     |             ^^^
[INFO] [stdout] 
[INFO] [stdout] 
[INFO] [stdout] warning: use of deprecated macro `try`: use the `?` operator instead
[INFO] [stdout]    --> src/fileformat.rs:564:9
[INFO] [stdout]     |
[INFO] [stdout] 564 |         try!(os.write_unknown_fields(self.get_unknown_fields()));
[INFO] [stdout]     |         ^^^
[INFO] [stdout] 
[INFO] [stdout] 
[INFO] [stdout] warning: trait objects without an explicit `dyn` are deprecated
[INFO] [stdout]    --> src/fileformat.rs:328:26
[INFO] [stdout]     |
[INFO] [stdout] 328 |     fn as_any(&self) -> &::std::any::Any {
[INFO] [stdout]     |                          ^^^^^^^^^^^^^^^ help: use `dyn`: `dyn (::std::any::Any)`
[INFO] [stdout]     |
[INFO] [stdout]     = note: `#[warn(bare_trait_objects)]` on by default
[INFO] [stdout] 
[INFO] [stdout] 
[INFO] [stdout] warning: trait objects without an explicit `dyn` are deprecated
[INFO] [stdout]    --> src/fileformat.rs:329:18
[INFO] [stdout]     |
[INFO] [stdout] 329 |         self as &::std::any::Any
[INFO] [stdout]     |                  ^^^^^^^^^^^^^^^ help: use `dyn`: `dyn (::std::any::Any)`
[INFO] [stdout] 
[INFO] [stdout] 
[INFO] [stdout] warning: trait objects without an explicit `dyn` are deprecated
[INFO] [stdout]    --> src/fileformat.rs:584:26
[INFO] [stdout]     |
[INFO] [stdout] 584 |     fn as_any(&self) -> &::std::any::Any {
[INFO] [stdout]     |                          ^^^^^^^^^^^^^^^ help: use `dyn`: `dyn (::std::any::Any)`
[INFO] [stdout] 
[INFO] [stdout] 
[INFO] [stdout] warning: trait objects without an explicit `dyn` are deprecated
[INFO] [stdout]    --> src/fileformat.rs:585:18
[INFO] [stdout]     |
[INFO] [stdout] 585 |         self as &::std::any::Any
[INFO] [stdout]     |                  ^^^^^^^^^^^^^^^ help: use `dyn`: `dyn (::std::any::Any)`
[INFO] [stdout] 
[INFO] [stdout] 
[INFO] [stdout] warning: use of deprecated macro `try`: use the `?` operator instead
[INFO] [stdout]    --> src/fileformat.rs:221:16
[INFO] [stdout]     |
[INFO] [stdout] 221 |         while !try!(is.eof()) {
[INFO] [stdout]     |                ^^^
[INFO] [stdout]     |
[INFO] [stdout]     = note: `#[warn(deprecated)]` on by default
[INFO] [stdout] 
[INFO] [stdout] 
[INFO] [stdout] warning: use of deprecated macro `try`: use the `?` operator instead
[INFO] [stdout]    --> src/fileformat.rs:222:45
[INFO] [stdout]     |
[INFO] [stdout] 222 |             let (field_number, wire_type) = try!(is.read_tag_unpack());
[INFO] [stdout]     |                                             ^^^
[INFO] [stdout] 
[INFO] [stdout] 
[INFO] [stdout] warning: use of deprecated macro `try`: use the `?` operator instead
[INFO] [stdout]    --> src/fileformat.rs:229:21
[INFO] [stdout]     |
[INFO] [stdout] 229 |                     try!(is.read_bytes_into(tmp))
[INFO] [stdout]     |                     ^^^
[INFO] [stdout] 
[INFO] [stdout] 
[INFO] [stdout] warning: use of deprecated macro `try`: use the `?` operator instead
[INFO] [stdout]    --> src/fileformat.rs:235:31
[INFO] [stdout]     |
[INFO] [stdout] 235 |                     let tmp = try!(is.read_int32());
[INFO] [stdout]     |                               ^^^
[INFO] [stdout] 
[INFO] [stdout] 
[INFO] [stdout] warning: use of deprecated macro `try`: use the `?` operator instead
[INFO] [stdout]    --> src/fileformat.rs:243:21
[INFO] [stdout]     |
[INFO] [stdout] 243 |                     try!(is.read_bytes_into(tmp))
[INFO] [stdout]     |                     ^^^
[INFO] [stdout] 
[INFO] [stdout] 
[INFO] [stdout] warning: use of deprecated macro `try`: use the `?` operator instead
[INFO] [stdout]    --> src/fileformat.rs:250:21
[INFO] [stdout]     |
[INFO] [stdout] 250 |                     try!(is.read_bytes_into(tmp))
[INFO] [stdout]     |                     ^^^
[INFO] [stdout] 
[INFO] [stdout] 
[INFO] [stdout] warning: use of deprecated macro `try`: use the `?` operator instead
[INFO] [stdout]    --> src/fileformat.rs:257:21
[INFO] [stdout]     |
[INFO] [stdout] 257 |                     try!(is.read_bytes_into(tmp))
[INFO] [stdout]     |                     ^^^
[INFO] [stdout] 
[INFO] [stdout] 
[INFO] [stdout] warning: use of deprecated macro `try`: use the `?` operator instead
[INFO] [stdout]    --> src/fileformat.rs:260:35
[INFO] [stdout]     |
[INFO] [stdout] 260 |                     let unknown = try!(is.read_unknown(wire_type));
[INFO] [stdout]     |                                   ^^^
[INFO] [stdout] 
[INFO] [stdout] 
[INFO] [stdout] warning: use of deprecated macro `try`: use the `?` operator instead
[INFO] [stdout]    --> src/fileformat.rs:294:13
[INFO] [stdout]     |
[INFO] [stdout] 294 |             try!(os.write_bytes(1, &v));
[INFO] [stdout]     |             ^^^
[INFO] [stdout] 
[INFO] [stdout] 
[INFO] [stdout] warning: use of deprecated macro `try`: use the `?` operator instead
[INFO] [stdout]    --> src/fileformat.rs:297:13
[INFO] [stdout]     |
[INFO] [stdout] 297 |             try!(os.write_int32(2, v));
[INFO] [stdout]     |             ^^^
[INFO] [stdout] 
[INFO] [stdout] 
[INFO] [stdout] warning: use of deprecated macro `try`: use the `?` operator instead
[INFO] [stdout]    --> src/fileformat.rs:300:13
[INFO] [stdout]     |
[INFO] [stdout] 300 |             try!(os.write_bytes(3, &v));
[INFO] [stdout]     |             ^^^
[INFO] [stdout] 
[INFO] [stdout] 
[INFO] [stdout] warning: use of deprecated macro `try`: use the `?` operator instead
[INFO] [stdout]    --> src/fileformat.rs:303:13
[INFO] [stdout]     |
[INFO] [stdout] 303 |             try!(os.write_bytes(4, &v));
[INFO] [stdout]     |             ^^^
[INFO] [stdout] 
[INFO] [stdout] 
[INFO] [stdout] warning: use of deprecated macro `try`: use the `?` operator instead
[INFO] [stdout]    --> src/fileformat.rs:306:13
[INFO] [stdout]     |
[INFO] [stdout] 306 |             try!(os.write_bytes(5, &v));
[INFO] [stdout]     |             ^^^
[INFO] [stdout] 
[INFO] [stdout] 
[INFO] [stdout] warning: use of deprecated macro `try`: use the `?` operator instead
[INFO] [stdout]    --> src/fileformat.rs:308:9
[INFO] [stdout]     |
[INFO] [stdout] 308 |         try!(os.write_unknown_fields(self.get_unknown_fields()));
[INFO] [stdout]     |         ^^^
[INFO] [stdout] 
[INFO] [stdout] 
[INFO] [stdout] warning: use of deprecated macro `try`: use the `?` operator instead
[INFO] [stdout]    --> src/fileformat.rs:503:16
[INFO] [stdout]     |
[INFO] [stdout] 503 |         while !try!(is.eof()) {
[INFO] [stdout]     |                ^^^
[INFO] [stdout] 
[INFO] [stdout] 
[INFO] [stdout] warning: use of deprecated macro `try`: use the `?` operator instead
[INFO] [stdout]    --> src/fileformat.rs:504:45
[INFO] [stdout]     |
[INFO] [stdout] 504 |             let (field_number, wire_type) = try!(is.read_tag_unpack());
[INFO] [stdout]     |                                             ^^^
[INFO] [stdout] 
[INFO] [stdout] 
[INFO] [stdout] warning: use of deprecated macro `try`: use the `?` operator instead
[INFO] [stdout]    --> src/fileformat.rs:511:21
[INFO] [stdout]     |
[INFO] [stdout] 511 |                     try!(is.read_string_into(tmp))
[INFO] [stdout]     |                     ^^^
[INFO] [stdout] 
[INFO] [stdout] 
[INFO] [stdout] warning: use of deprecated macro `try`: use the `?` operator instead
[INFO] [stdout]    --> src/fileformat.rs:518:21
[INFO] [stdout]     |
[INFO] [stdout] 518 |                     try!(is.read_bytes_into(tmp))
[INFO] [stdout]     |                     ^^^
[INFO] [stdout] 
[INFO] [stdout] 
[INFO] [stdout] warning: use of deprecated macro `try`: use the `?` operator instead
[INFO] [stdout]    --> src/fileformat.rs:524:31
[INFO] [stdout]     |
[INFO] [stdout] 524 |                     let tmp = try!(is.read_int32());
[INFO] [stdout]     |                               ^^^
[INFO] [stdout] 
[INFO] [stdout] 
[INFO] [stdout] warning: use of deprecated macro `try`: use the `?` operator instead
[INFO] [stdout]    --> src/fileformat.rs:528:35
[INFO] [stdout]     |
[INFO] [stdout] 528 |                     let unknown = try!(is.read_unknown(wire_type));
[INFO] [stdout]     |                                   ^^^
[INFO] [stdout] 
[INFO] [stdout] 
[INFO] [stdout] warning: use of deprecated macro `try`: use the `?` operator instead
[INFO] [stdout]    --> src/fileformat.rs:556:13
[INFO] [stdout]     |
[INFO] [stdout] 556 |             try!(os.write_string(1, &v));
[INFO] [stdout]     |             ^^^
[INFO] [stdout] 
[INFO] [stdout] 
[INFO] [stdout] warning: use of deprecated macro `try`: use the `?` operator instead
[INFO] [stdout]    --> src/fileformat.rs:559:13
[INFO] [stdout]     |
[INFO] [stdout] 559 |             try!(os.write_bytes(2, &v));
[INFO] [stdout]     |             ^^^
[INFO] [stdout] 
[INFO] [stdout] 
[INFO] [stdout] warning: use of deprecated macro `try`: use the `?` operator instead
[INFO] [stdout]    --> src/fileformat.rs:562:13
[INFO] [stdout]     |
[INFO] [stdout] 562 |             try!(os.write_int32(3, v));
[INFO] [stdout]     |             ^^^
[INFO] [stdout] 
[INFO] [stdout] 
[INFO] [stdout] warning: use of deprecated macro `try`: use the `?` operator instead
[INFO] [stdout]    --> src/fileformat.rs:564:9
[INFO] [stdout]     |
[INFO] [stdout] 564 |         try!(os.write_unknown_fields(self.get_unknown_fields()));
[INFO] [stdout]     |         ^^^
[INFO] [stdout] 
[INFO] [stdout] 
[INFO] [stdout] warning: trait objects without an explicit `dyn` are deprecated
[INFO] [stdout]    --> src/fileformat.rs:328:26
[INFO] [stdout]     |
[INFO] [stdout] 328 |     fn as_any(&self) -> &::std::any::Any {
[INFO] [stdout]     |                          ^^^^^^^^^^^^^^^ help: use `dyn`: `dyn (::std::any::Any)`
[INFO] [stdout]     |
[INFO] [stdout]     = note: `#[warn(bare_trait_objects)]` on by default
[INFO] [stdout] 
[INFO] [stdout] 
[INFO] [stdout] warning: trait objects without an explicit `dyn` are deprecated
[INFO] [stdout]    --> src/fileformat.rs:329:18
[INFO] [stdout]     |
[INFO] [stdout] 329 |         self as &::std::any::Any
[INFO] [stdout]     |                  ^^^^^^^^^^^^^^^ help: use `dyn`: `dyn (::std::any::Any)`
[INFO] [stdout] 
[INFO] [stdout] 
[INFO] [stdout] warning: trait objects without an explicit `dyn` are deprecated
[INFO] [stdout]    --> src/fileformat.rs:584:26
[INFO] [stdout]     |
[INFO] [stdout] 584 |     fn as_any(&self) -> &::std::any::Any {
[INFO] [stdout]     |                          ^^^^^^^^^^^^^^^ help: use `dyn`: `dyn (::std::any::Any)`
[INFO] [stdout] 
[INFO] [stdout] 
[INFO] [stdout] warning: trait objects without an explicit `dyn` are deprecated
[INFO] [stdout]    --> src/fileformat.rs:585:18
[INFO] [stdout]     |
[INFO] [stdout] 585 |         self as &::std::any::Any
[INFO] [stdout]     |                  ^^^^^^^^^^^^^^^ help: use `dyn`: `dyn (::std::any::Any)`
[INFO] [stdout] 
[INFO] [stdout] 
[INFO] [stdout] error: aborting due to 4 previous errors; 28 warnings emitted
[INFO] [stdout] 
[INFO] [stdout] 
[INFO] [stdout] Some errors have detailed explanations: E0405, E0433.
[INFO] [stdout] 
[INFO] [stdout] For more information about an error, try `rustc --explain E0405`.
[INFO] [stdout] 
[INFO] [stderr] error: could not compile `osm_pbf`.
[INFO] [stdout] error: aborting due to 4 previous errors; 28 warnings emitted
[INFO] [stdout] 
[INFO] [stdout] 
[INFO] [stderr] 
[INFO] [stdout] Some errors have detailed explanations: E0405, E0433.
[INFO] [stdout] 
[INFO] [stderr] To learn more, run the command again with --verbose.
[INFO] [stdout] For more information about an error, try `rustc --explain E0405`.
[INFO] [stdout] 
[INFO] [stderr] warning: build failed, waiting for other jobs to finish...
[INFO] [stderr] error: build failed
[INFO] running `Command { std: "docker" "inspect" "5ca4041301e713f979a5fe5a53c134c182e8dfd44d743f8a55fed875c384e0d8", kill_on_drop: false }`
[INFO] running `Command { std: "docker" "rm" "-f" "5ca4041301e713f979a5fe5a53c134c182e8dfd44d743f8a55fed875c384e0d8", kill_on_drop: false }`
[INFO] [stdout] 5ca4041301e713f979a5fe5a53c134c182e8dfd44d743f8a55fed875c384e0d8
